j?
2
Suppose 0 = 19*p - 4635 - 3269. Suppose 2*g + q = 3*q + 24, -6 = -g - q. Suppose g*c = c + p. What is the tens digit of c?
5
Let o(s) = -16*s**3 - 4*s**2 + s - 10. Let z be o(-4). Suppose -21*q = -23*q + z. What is the tens digit of q?
7
Let c(d) be the first derivative of -d**2/2 + d - 13. Let u(n) = -21*n + 31. Let s(b) = -4*c(b) - u(b). What is the hundreds digit of s(11)?
2
Let v = -50 - -54. Suppose 0 = v*g - 5 - 43. What is the units digit of (8/(-3))/((-1)/g)?
2
Let g = 457 - 433. Suppose -6*b + g*b - 18072 = 0. What is the units digit of b?
4
Let t(n) = -10*n**3 - 3*n**2 - 2*n - 3. Let v = -40 - -44. Suppose 3*p - 2 = v*p. What is the units digit of t(p)?
9
Let i(d) = -935*d - 675. What is the tens digit of i(-6)?
3
Let z(y) = -6126*y - 2422. What is the thousands digit of z(-6)?
4
Suppose 22*d + 70 = 36*d. What is the tens digit of d/(-1)*(-89 - (9 - 15))?
1
Suppose -y + t = 4*t - 42452, -5*t = 5*y - 212230. What is the hundreds digit of y?
4
Let g(x) = -5*x**2 + 549*x + 6. What is the units digit of g(10)?
6
Let u = -152 + 261. Suppose x - u - 22 = -5*v, 5*x - 655 = 5*v. What is the tens digit of x?
3
What is the thousands digit of ((-165)/99)/((-9979)/4989 + 2)?
8
Suppose 2*s = -4*c - 8, 5*c = -6*s + s - 5. Suppose -4*g + 8 = -4*q + s*q, 3*q + 2*g - 20 = 0. Suppose -542 = -q*m + 70. What is the units digit of m?
3
Let z(b) = -6*b**3 + 7*b**2 + 10*b + 99. What is the tens digit of z(-10)?
9
Suppose 218*c + 29088 = 220*c - 4*f, -c = -4*f - 14548. What is the units digit of c?
0
Suppose 4*s - 1760 = 4*d, -4*s = 2*d - s + 865. Let x = d - -844. What is the tens digit of x?
0
What is the hundreds digit of 45/(2160/(-1472))*2508/(-8)?
6
Let u(n) = -n**3 + 10*n**2 - 6*n - 16. Let p be 1828/12 + (-2)/6. Let b be (-4)/(-10) - p/(-20). What is the tens digit of u(b)?
6
Let r be (31 - 26)/((-15)/(-33)). Suppose r*w - 5722 - 5256 = 0. What is the hundreds digit of w?
9
Let k(g) = 314*g**2 - 103*g - 241. What is the thousands digit of k(-13)?
4
Suppose -z + 0*z = -4. Suppose 3*d + 404 = z*d. Suppose d = 10*o - 6*o. What is the hundreds digit of o?
1
Let v = 141450 - 84555. What is the thousands digit of v?
6
What is the tens digit of 45/(9/3 + 2910/(-975))?
2
Suppose 0 = 2*h + 3*u + 110, -3*h - 148 - 32 = -3*u. Let c = 41 + h. Let l = 132 + c. What is the tens digit of l?
1
Let r be ((-3180)/(-90))/(2/(-105)). Let q = -607 - r. What is the thousands digit of q?
1
Suppose -2*a = -8, 3*l + 90 = 2*l - 5*a. Let v = l + 108. What is the units digit of 3*(v/3)/((-4)/24)?
2
Suppose 0 = -7*w + 29 - 1. Suppose 3*s = 4*h - 373, -4*s = -w*h - 60 + 436. What is the units digit of h?
1
Suppose -1738 - 1550 = -4*b. Let d = b - 467. What is the units digit of d?
5
Suppose 85*k - 37*k - 3435264 = 0. What is the ten thousands digit of k?
7
Suppose 5 = 5*b, 0*s - 5*s = b - 6936. Suppose -5*t - 4*m + s = 0, 0 = -3*t + 5*t + 5*m - 548. What is the hundreds digit of t?
2
Suppose 0 = 2*r - 879 + 831. What is the tens digit of 11634/8 + 12 + (-294)/r?
5
Let j be 2/(-3) + (-3 - 60/(-9)). Suppose -j*k - 2*f + 1783 = 0, 3*f = -2*k - 3*k + 2973. Suppose 7*l - 1034 = k. What is the units digit of l?
3
Suppose 113*l - 30*l = 4648. Let p(v) = 4*v**3 + v**2 + 6*v - 4. Let m be p(4). Let c = m - l. What is the tens digit of c?
3
Let q be 6/(-9) - (1 + (-22)/6). What is the hundreds digit of (q*-2)/(7 + -8) - -487?
4
Let h = 34464 - 18577. What is the tens digit of h?
8
What is the tens digit of -5 + (-15 - -14) + 3817?
1
Suppose z - 8*z + 238 = 0. Let b = -32 + z. Suppose -b*f = 3*f - 715. What is the hundreds digit of f?
1
Let x be (22*56 - 7)/(2/2). Suppose -4*o = -x - 239. What is the hundreds digit of o?
3
Let k = 37850 + -16791. What is the units digit of k?
9
Suppose 0 = -3*t - q + 4066, -2724 = t - 3*t - 4*q. Suppose -4*m + 1766 + t = 0. What is the hundreds digit of m?
7
Let i(g) = g**3 - 6*g**2 + 4*g + 3. Let b be i(3). Let v(o) = -o**3 - 12*o**2 - o - 14. Let m be v(b). What is the units digit of m - ((-3 - -3) + -56)?
4
Suppose -35*t + 2752 - 8527 = 0. What is the tens digit of (14 + 5)/(t/(-27) + -6)?
7
Suppose -3330 = -982*j + 981*j. Suppose 0 = a + 4*o - 822, -7*o - j = -4*a - 9*o. What is the tens digit of a?
3
Let b = 70 - 68. Let k be (-565)/(-10) - (-1)/b. Let z = 137 + k. What is the units digit of z?
4
Let r be ((-55)/10)/(-11)*4. Suppose 2*p = -4*a + 2460, -r*p - 2*p - 1834 = -3*a. What is the hundreds digit of a?
6
Suppose -s + 8266 = 5*n - 617, n = 0. What is the thousands digit of s?
8
Let d = -155 - -150. Let l(o) = 5*o**2 - 5*o + 9. What is the units digit of l(d)?
9
Suppose 0 = -3*p + 6, -4*k + 3926 = -5*p - 0*p. Suppose 52*f - 396 = -47*f. Suppose f*l - k = -4*l. What is the units digit of l?
3
Suppose 0 = -4*u - 2*g + 42, 3*g + 14 = u - 0*u. Let w(y) = 8*y - 37. Let c(d) = -d - 1. Let r(n) = c(n) + w(n). What is the units digit of r(u)?
9
Let q(g) = 24*g - 39. Let h = -78 - -94. Suppose -u = -6*u + 5, -3*o - 4*u + h = 0. What is the units digit of q(o)?
7
Let q(l) = -l**3 - 5*l - 2. Let y be 27 + (-4)/14 + (-2)/(-7). Suppose -4*g = -11 + y. What is the units digit of q(g)?
2
Let c be 4 + (-1)/(((-8)/14)/4). Suppose -199 = -c*b + 87. What is the units digit of (-166)/(-6)*(-17 + b)?
9
Suppose 4*u + 21866 = 30*u. Let g = u - 274. What is the units digit of g?
7
Suppose 0 = -3*t - 5*j + 6050, 33*t - j = 38*t - 10098. What is the units digit of t?
0
Suppose 5*d - 124 = y + 20, 3*d = 4*y + 100. Suppose -d*l = 14*l - 12390. What is the tens digit of l?
9
Suppose -5*d + 6*d = 3. Suppose -5*l = -m - 26, 4*l + d*m - 4*m - 20 = 0. Suppose q + 1 - l = 0, -5*i - 4*q + 350 = 0. What is the tens digit of i?
6
Let y = 178 - 174. Suppose -9*t + 1326 = y*t. What is the units digit of t?
2
Suppose -5464 = -4*m - 0*m + 34932. What is the hundreds digit of m?
0
Let p(l) = l**3 - 10*l**2 - 11*l + 2. Let q be p(11). Suppose -4 = -3*n + q*n. Suppose -n*b - 51 = -223. What is the tens digit of b?
4
Let v(y) = 12*y**2 + 34*y - 23. Let f(n) = -6*n**2 - 17*n + 11. Let l(g) = -7*f(g) - 3*v(g). What is the units digit of l(-9)?
5
Suppose 0 = -2*l - 2*l + 1984. Suppose -3*r + 221 = -l. Suppose -4*g = -r - 49. What is the tens digit of g?
7
Let r(j) = 4*j + 40. Let o(f) = f + 13. Let k(n) = 7*o(n) - 2*r(n). Suppose -z - 16 = z. What is the tens digit of k(z)?
1
Let f = -8091 - -10484. What is the hundreds digit of f?
3
Let z = 804 - 804. Suppose 7868 = 4*f - 5*m, z*f - 4*m - 5902 = -3*f. What is the units digit of f?
2
Suppose -90*q + 577684 = 57*q - 23105. What is the thousands digit of q?
4
Suppose 3*b + 5*j = 0, 4*b - 3*j - 32 = j. Let s(a) be the first derivative of a**3 - 5*a**2 + 21*a + 189. What is the units digit of s(b)?
6
Suppose 94*o - 157921 = -15511. What is the thousands digit of o?
1
Let t = 82 + -82. Suppose t*i - 2*i - 10 = 4*f, -f + 10 = 3*i. Suppose 0 = 5*o + 5*m - 0*m - 1085, 4*o = i*m + 904. What is the tens digit of o?
2
Let t be ((-14)/21)/((-2)/45). Let f = t + -16. What is the units digit of (-44)/(f + -1)*1?
2
Let c(f) = -36*f. Suppose 0 = p - 4*i + 2, -2*p + 1 = 3*i - 6. Let l be c(p). What is the hundreds digit of (-5445)/(-35) + (3 - l/(-28))?
1
Let l = -13614 - -24957. What is the ten thousands digit of l?
1
Let x(z) = z**3 + 29*z**2 + 7*z + 26. Let n be x(-26). Let d = n + -1299. Let i = -283 + d. What is the units digit of i?
0
Let s = -2207 + 1576. Let p = s + 1273. What is the units digit of p?
2
Let k(u) = u**3 - 7*u**2 + 19*u + 10. Let l(r) = -r**3 + 8*r**2 - 19*r - 10. Let s(x) = -5*k(x) - 4*l(x). What is the units digit of s(-6)?
8
Suppose 2*v - 5278 = -5*t, 162*v + 5290 = 164*v - t. What is the units digit of v?
4
Suppose -38 + 46 = 4*d. Suppose 4*z + 4*c + 5 = 3*c, -2 = d*c. What is the tens digit of ((-40)/5)/(z - (-82)/86)?
7
Let s be (-10)/3*(-39)/26. Suppose -17 = -t - 5*d, -5*t - 3*d = -8*d + s. Suppose 337 - 91 = t*j. What is the tens digit of j?
2
Suppose -4 - 11 = -5*n, 5*n + 658 = h. Suppose -h = -2*m - 247. What is the units digit of m?
3
Let p(h) = 24*h - 14. Let r be p(6). Let u be ((-24)/5)/(11/(495/(-18))). Let a = r - u. What is the tens digit of a?
1
Let f = 16660 - 10811. What is the units digit of f?
9
Suppose 0 = f + 4, -3*f = -2*d + f + 16. Suppose 0 = -4*p + 5*x - 16, 2*p + 8 = -d*p - x. What is the tens digi